 n(u) = -5*u**2 - 11*u - 7. Let c(l) = z*k(l) + 11*n(l). Calculate c(5).
7
Let j(p) = -2*p**2 - 19*p + 1. Let n = 2042 + -2052. Determine j(n).
-9
Let z(q) = 4*q**2 - 25*q**2 + 43*q**3 - 6*q**3 + 1 + 20*q**2. What is z(-1)?
-37
Suppose 2*x + 3*w + 0 = 20, 0 = -5*x + 4*w + 4. Suppose -x*i + 2*s - 14 = -i, -i - 22 = -5*s. Let n(m) = m**2 - 2. Give n(i).
2
Let s = -117 - -111. Let m(x) = x**3 + 8*x**2 + 12*x - 1. What is m(s)?
-1
Suppose -1 = -x + 4. Suppose 3*n = x*n - 8. Let j(t) = t**3 - 4*t**2 - 2*t + 4. Give j(n).
-4
Let i(w) = 6 - 7*w - 1 - 1 - 3. Let l(n) = n**3 + 5*n**2 - 8*n - 10. Suppose -20 = 4*o - 4*v, -4*v = -2*o - 3*o - 26. Let j be l(o). Determine i(j).
-13
Let i(l) = -5*l**2 - 2*l - 3. Let b be i(-1). Let k(y) = -4 - 112*y + 14 + 113*y. Give k(b).
4
Let c(h) = 14*h + 21. Let o(k) = 40*k + 64. Let m(v) = -17*c(v) + 6*o(v). Determine m(-12).
3
Let b(x) = x + 3. Let k(o) = o**2 + 6*o - 3. Let y be k(-5). Determine b(y).
-5
Let q be (-1)/2 + 11/2. Let z(a) = q*a - 7*a - 2*a - 2*a + 2 + a**2. Let r be -1 + (4 + -4 - -7). Determine z(r).
2
Suppose -6 + 21 = 5*l. Let t(x) be the third derivative of 0*x + 0 + 1/24*x**4 + 2*x**2 + 1/60*x**5 - 2/3*x**l. Give t(-3).
2
Let k = 51 - 57. Let q be (5 + k)/(1/(-3)). Let h(n) = -2*n**2 + 2*n - 2. Give h(q).
-14
Suppose 162 = -11*j + 74. Let f(r) = -3*r - 17. Give f(j).
7
Let i be (-1)/4 + 25/4. Let j be ((-96)/20)/(i/40). Let d = -26 - j. Let w(p) = p**2 - 6*p + 5. Calculate w(d).
5
Let j(g) = g**2 - 27*g - 19. Let i be j(28). Let p(a) = 2*a - 19. Calculate p(i).
-1
Let i(h) = 11*h + 17. Let d(p) = -9*p - 18. Let r(t) = 4*d(t) + 3*i(t). What is r(-6)?
-3
Let d(p) = p**2 - p - 7. Let r(o) = o**2 + 7*o + 5. Let x = 3 + 6. Let j = x - 16. Let q be r(j). Determine d(q).
13
Let u(i) = 3*i + 19. Let d(o) = -5*o - 35. Let r(q) = 4*d(q) + 7*u(q). Determine r(-9).
-16
Let z(n) = -n**2 + n + 1. Let l(u) = -7*u**2 - 2*u + 4. Let k(h) = -l(h) + 6*z(h). Suppose 3*r - 3*y + 15 = 0, 27*y - 15 = 2*r + 30*y. Calculate k(r).
-10
Let h be (-4)/(-2) + (-1 - 1). Let u(t) = -52*t**2 - 14*t - 24. Let q(j) = -19*j**2 - 5*j - 8. Let f(v) = -11*q(v) + 4*u(v). Determine f(h).
-8
Let k be -2*((2 - 1) + 4 + -2). Let h(j) = 5*j + 7. Let y(u) = -4*u - 3*u - 6 + 3*u. Let v(x) = k*y(x) - 5*h(x). Give v(-1).
2
Let z be (-12)/16 + (-22)/(-8). Let c(d) = 4*d**3 + 4*d**2 + 5*d - 1. Let o(x) = -9*x**3 - 8*x**2 - 11*x + 3. Let j(t) = z*o(t) + 5*c(t). Determine j(-2).
-5
Suppose -11*f - 41 = 69. Let p(q) = q**3 + 10*q**2 - 2*q - 16. What is p(f)?
4
Suppose 20 = -6*r - 34. Let a(m) = m**2 + 9*m + 4. Let s be a(r). Let c(v) = v**2 - 4*v + 1. Give c(s).
1
Let i(x) be the second derivative of x**4/12 + 2*x**3 + x**2/2 + 37*x. Determine i(-9).
-26
Let h(l) = 6*l**2 + 9*l + 13. Let y(b) = 7*b**2 + 10*b + 12. Let a(s) = 6*h(s) - 5*y(s). Let j(g) be the first derivative of a(g). Give j(-5).
-6
Let w(y) = 7*y + 1. Let i(t) = -15*t - 6. Let g(l) = -i(l) - 2*w(l). Determine g(-8).
-4
Let h(i) = -4*i**3 - 7*i**2 + i + 3. Let s(d) = -7*d**3 - 13*d**2 + 3*d + 7. Let z(o) = 5*h(o) - 3*s(o). Suppose -12 = 3*u + 3. What is z(u)?
-11
Let s(r) = 10*r**2 - 33*r - 12. Let g(j) = -3*j**2 + 11*j + 4. Let o(z) = -7*g(z) - 2*s(z). Give o(10).
-14
Let x be 3/(-11)*-11 - (-2 + -1). Let c(j) = j + 3. Calculate c(x).
9
Let j(x) = -x**3 + 3*x**2 - 4. Suppose -4*y - 3*y = 0. Suppose -5*r + 20 + 5 = 0. Suppose 0 = -q - y*q - n + 4, 0 = 4*q + r*n - 17. Determine j(q).
-4
Let b(p) be the first derivative of -9*p**2/2 - 67. Give b(1).
-9
Let n(x) be the third derivative of x**6/720 + 7*x**5/60 + x**4/6 - 2*x**2. Let r(a) be the second derivative of n(a). Calculate r(-7).
7
Let c(w) = w**2 - 14. Let i(h) be the second derivative of -h**3/6 + 15*h**2/2 + 6*h. Let f be i(15). Suppose 0 = -7*j - f*j. What is c(j)?
-14
Let k(j) = -1 - 3 + 13 - 13*j + 21*j - 10*j. What is k(9)?
-9
Let v be 2/(((-76)/(-20) - 4)/1). Let c(h) = h**3 + 11*h**2 + 9*h - 12. Give c(v).
-2
Let l(j) be the first derivative of -3*j**2/2 + 13*j + 39. Determine l(10).
-17
Let l(o) = o**3 + 8*o**2 + 4*o + 10. Let g be l(-7). Suppose -x = 3*x - 5*v - g, x = v + 7. Let y(m) = -x*m - 2*m + m + 0*m. Calculate y(2).
-10
Let i(c) be the first derivative of -c**7/840 + c**6/90 - c**5/40 - 13*c**3/3 + 13. Let m(d) be the third derivative of i(d). Let h = 23 + -19. What is m(h)?
-12
Let y(g) = -7*g - 7. Let u(a) = 10*a + 10. Let f(h) = -5*u(h) - 7*y(h). Let q(d) = 2*d + 2. Let r(k) = 11*f(k) + 6*q(k). Give r(0).
1
Let n(r) = -r**3 + 6*r**2 + 4*r - 7. Suppose -3*d = d + 72. Let f = 24 + d. Give n(f).
17
Let x(u) = -13*u + 143. Let z(l) = 28*l - 308. Let s(c) = -15*x(c) - 7*z(c). Suppose -f - 3*f = -36. Calculate s(f).
2
Let l(d) = 3*d**2 + 1 + 3*d**2 - 5*d**2 - 2 - d. Suppose 27 = 2*t - 11. Suppose k + 5 = q - 2, 3*q + 5*k + t = 0. Give l(q).
1
Suppose -8*o + 24 = -0. Let q(x) = x + 1. Let s(f) = -4*f + 3. Let a(z) = o*q(z) + s(z). What is a(6)?
0
Let d(x) = -8*x - 80. Let m(q) = 9*q + 92. Let b(v) = -6*d(v) - 5*m(v). Calculate b(-10).
-10
Let m(y) = -64*y - 13 + y**2 - 64*y + 131*y + 17 - 2*y**2. Give m(-6).
-50
Let i(h) = -5*h**3 + 8*h**2 - 3*h + 24. Let k(o) be the first derivative of 3*o**4/4 - 5*o**3/3 + o**2 - 16*o - 29. Let a(v) = -5*i(v) - 8*k(v). What is a(0)?
8
Let i be (-87)/15 + 1/(-5). Let f be i/(-4) + (-2)/(-4). Let o = f - -2. Let y(x) = -x**3 + 4*x**2 + 5. Calculate y(o).
5
Suppose 2*b + 3*d - 176 = 0, b - 3*b = -3*d - 176. Let n = 136 - b. Let s(x) = -49*x**3 + n*x**3 + 3*x**2 - 8*x**2 + 4. What is s(-4)?
-12
Let a(t) = t**3 + 2*t**2 - t - 1. Suppose 2*m = -2*x - 12, -11*m + 9*m = 4*x + 20. Determine a(m).
1
Let t(v) = 3*v**2 + 10*v + 2. Suppose 2*o = -5*o - 21. What is t(o)?
-1
Suppose -31 = -2*s - 5*p, 4 = 2*p - 6. Suppose -s = -5*l + 7. Let x(c) = c**2 - 6*c**2 + 4*c**l + 6*c - c. Determine x(4).
4
Let p(w) = -6*w. Let x be p(1). Let m = -20 + 14. Let g(d) = d**2 - d. Let i(n) = -7*n**2 + 2. Let q(s) = m*g(s) - i(s). Calculate q(x).
-2
Suppose 21 = -2*i - 3*m, -3*i + 4*m - 1 - 5 = 0. Let g(l) = 3*l - 7. Calculate g(i).
-25
Suppose p - 3*s - 44 - 27 = 0, -2*s = p - 91. Let m(u) = -87*u + 167*u + 1 - p*u. What is m(4)?
-11
Let x(b) = b**3 + b - 3. Suppose -3*p = 7*r - 2*r + 5, p - 4*r = 4. Suppose 59*q - 56*q = p. What is x(q)?
-3
Let t(v) = -4*v**3 - 2*v + 1. Let z(b) = 3*b**2 + b + 2. Let j be z(-3). Let r = -25 + j. What is t(r)?
-5
Let k = -29 + 51. Suppose -3*m = -k - 8. Suppose -m = -4*u + 2*u. Let g(h) = -h**3 + 5*h**2. Determine g(u).
0
Let d = 9 + -9. Let z(h) = -h - 75 + d*h + 0*h + 80. Let l(x) = x - 4. Let a be l(8). Determine z(a).
1
Suppose -2*b - 2*q + 5*q - 5 = 0, 3*b + q = -2. Let i be (0 - b)/((-3)/(-18)). Let r(o) = 0*o + 2*o**3 + 8 + 13*o**2 - 7*o**2 - o - 3*o**3. Calculate r(i).
2
Let t(d) = 21 + d**2 - 1563*d + 8*d**3 + 11*d**2 + 1561*d. Let s(q) = -3*q**3 - 4*q**2 + q - 7. Let b(p) = 11*s(p) + 4*t(p). Calculate b(5).
-3
Let y(a) = 3*a - 6. Suppose 0 = -3*c - c + 56. Let k = c + -14. Suppose -4*x + 7*x - 4*t + 5 = k, -x + 2*t - 5 = 0. Calculate y(x).
9
Let d be 0 + 8 + -1 + 0. Let x(p) = -7*p**3 + 8*p**2 + 11*p - 8. Let o(h) = 17*h**3 - 17*h**2 - 23*h + 17. Let w(j) = -2*o(j) - 5*x(j). Calculate w(d).
-8
Let p(w) be the first derivative of w**4/4 - 8*w**3/3 + 9*w**2/2 - 10*w - 482. Give p(7).
4
Let m = 3 - 4. Let w(a) be the third derivative of 7*a**6/360 - a**4/24 - 14*a**3/3 - 39*a**2. Let y(t) be the first derivative of w(t). Determine y(m).
6
Let q(t) be the first derivative of t**4/12 - t**3 + 2*t**2 - t - 7. Let i(x) be the first derivative of q(x). Determine i(6).
4
Suppose 0 = -2*i + 25*i - 161. Let r(p) = -p**3 + 7*p**2 + 4. Calculate r(i).
4
Let f = -71 + 100. Let v(w) = 3 - 4 - f*w + 30*w. Calculate v(-6).
-7
Let f(l) = -13*l**3 - 2*l**2 - 15*l - 28. Let z(a) = 7*a**3 + 8*a + 15. Let u(j) = -6*f(j) - 11*z(j). What is u(-12)?
-21
Suppose -33 = -2*a + 43. Let f = -37 + a. Let w(q) = 14*q**3 - q**2 + 1. What is w(f)?
14
Suppose -3*i + 4*v - 34 = 0, 27 + 24 = -5*i + v. Let w(s) = s**2 + 15*s + 50. Let q be w(i). Let l(h) = -h + 3. What is l(q)?
3
Let v(j) = 4 + 3*j + 8*j**2 - 4*j - 14*j**2 + 5*j**2. Give v(0).
4
Let l(p) = -p**3 + 8*p**2 + 8*p + 9. Suppose 15*h = 11*h + 48. Suppose 10*t - h*t = -18. Give l(t).
0
Let l(z) = z**3 - 4*z**2 + 4*z - 1. Let i(m) = -2*m*